{"id":100,"date":"2021-11-11T08:20:20","date_gmt":"2021-11-11T07:20:20","guid":{"rendered":"https:\/\/stabiko.bildung-rp.de\/?page_id=100"},"modified":"2025-11-04T12:35:07","modified_gmt":"2025-11-04T11:35:07","slug":"kontakt","status":"publish","type":"page","link":"https:\/\/stabiko.bildung-rp.de\/?page_id=100","title":{"rendered":"Kontakt"},"content":{"rendered":"\n<h2 class=\"wp-block-heading\"><strong>\u00d6ffnungszeiten\/ Erreichbarkeit<\/strong><\/h2>\n\n\n\n<p><strong>Schulbesuchstermine nach Absprache<\/strong><\/p>\n\n\n\n<h2 class=\"wp-block-heading\"><strong>Emails an<\/strong><\/h2>\n\n\n\n<div class=\"wp-block-buttons\">\n<div class=\"wp-block-button is-style-outline\"><a class=\"wp-block-button__link wp-element-button\">stabiko@pl.rlp.de <\/a><\/div>\n<\/div>\n\n\n\n<div style=\"height:27px\" aria-hidden=\"true\" class=\"wp-block-spacer\"><\/div>\n\n\n\n<p><strong><span class=\"has-inline-color has-primary-color\">Anfahrt<\/span><\/strong><\/p>\n\n\n\n<p>Stadtbildstelle Koblenz<\/p>\n\n\n\n<p>Brenderweg 23<\/p>\n\n\n\n<p>56070 Koblenz <\/p>\n\n\n\n<p>In der Hans Zulliger Schule (2. Stock)<\/p>\n\n\n\n<p>Tel. 02619702107<\/p>\n\n\n\n<p>&#8212;&#8212;&#8212;&#8212;&#8212;&#8212;&#8212;&#8212;&#8212;&#8211;<\/p>\n\n\n\n<p>In inMIS (<a href=\"https:\/\/inmis.bildung-rp.de\">inmis.bildung-rp.de<\/a>) werden die verf\u00fcgbaren Onlinelizenzen angezeigt, die Schulen in der Mediathek des Schulcampus\/ Bildungsportal (<a href=\"http:\/\/www.bildungsportal.rlp.de\" target=\"_blank\" rel=\"noreferrer noopener\">www.bildungsportal.rlp.de<\/a>) nutzen k\u00f6nnen. Materialien, z.B. Photometer und Avatar, sowie tempor\u00e4re Lizenzen, z.B. Actionbound, k\u00f6nnen \u00fcber inMIS bestellt werden.<\/p>\n\n\n\n<p><\/p>\n","protected":false},"excerpt":{"rendered":"<p>\u00d6ffnungszeiten\/ Erreichbarkeit Schulbesuchstermine nach Absprache Emails an Anfahrt Stadtbildstelle Koblenz Brenderweg 23 56070 Koblenz In der Hans Zulliger Schule (2. Stock) Tel. 02619702107 &#8212;&#8212;&#8212;&#8212;&#8212;&#8212;&#8212;&#8212;&#8212;&#8211; In inMIS (inmis.bildung-rp.de) werden die verf\u00fcgbaren Onlinelizenzen angezeigt, die Schulen in der Mediathek des Schulcampus\/ Bildungsportal (www.bildungsportal.rlp.de) nutzen k\u00f6nnen. Materialien, z.B. Photometer und Avatar, sowie tempor\u00e4re Lizenzen, z.B. Actionbound, k\u00f6nnen \u00fcber &hellip;<\/p>\n<p class=\"read-more\"> <a class=\"\" href=\"https:\/\/stabiko.bildung-rp.de\/?page_id=100\"> <span class=\"screen-reader-text\">Kontakt<\/span> Weiterlesen &raquo;<\/a><\/p>\n","protected":false},"author":2,"featured_media":0,"parent":0,"menu_order":0,"comment_status":"closed","ping_status":"closed","template":"","meta":{"site-sidebar-layout":"default","site-content-layout":"default","ast-global-header-display":"","ast-main-header-display":"","ast-hfb-above-header-display":"","ast-hfb-below-header-display":"","ast-hfb-mobile-header-display":"","site-post-title":"","ast-breadcrumbs-content":"","ast-featured-img":"","footer-sml-layout":"","theme-transparent-header-meta":"","adv-header-id-meta":"","stick-header-meta":"","header-above-stick-meta":"","header-main-stick-meta":"","header-below-stick-meta":"","spay_email":""},"_links":{"self":[{"href":"https:\/\/stabiko.bildung-rp.de\/index.php?rest_route=\/wp\/v2\/pages\/100"}],"collection":[{"href":"https:\/\/stabiko.bildung-rp.de\/index.php?rest_route=\/wp\/v2\/pages"}],"about":[{"href":"https:\/\/stabiko.bildung-rp.de\/index.php?rest_route=\/wp\/v2\/types\/page"}],"author":[{"embeddable":true,"href":"https:\/\/stabiko.bildung-rp.de\/index.php?rest_route=\/wp\/v2\/users\/2"}],"replies":[{"embeddable":true,"href":"https:\/\/stabiko.bildung-rp.de\/index.php?rest_route=%2Fwp%2Fv2%2Fcomments&post=100"}],"version-history":[{"count":27,"href":"https:\/\/stabiko.bildung-rp.de\/index.php?rest_route=\/wp\/v2\/pages\/100\/revisions"}],"predecessor-version":[{"id":472,"href":"https:\/\/stabiko.bildung-rp.de\/index.php?rest_route=\/wp\/v2\/pages\/100\/revisions\/472"}],"wp:attachment":[{"href":"https:\/\/stabiko.bildung-rp.de\/index.php?rest_route=%2Fwp%2Fv2%2Fmedia&parent=100"}],"curies":[{"name":"wp","href":"https:\/\/api.w.org\/{rel}","templated":true}]}}